0 and 671427.
183
Calculate the highest common factor of 5745 and 902731.
383
Calculate the greatest common divisor of 235587 and 12921.
177
What is the highest common divisor of 24472 and 18140136?
1064
What is the highest common divisor of 144704 and 44338?
14
Calculate the highest common divisor of 1528745202 and 774.
774
What is the greatest common factor of 35797096 and 87448?
5144
Calculate the highest common factor of 2162 and 459986039.
1081
What is the highest common factor of 5596035 and 2895?
2895
Calculate the greatest common divisor of 468587 and 2336.
73
Calculate the greatest common divisor of 1667478149 and 111.
37
Calculate the highest common factor of 1369291 and 651.
7
Calculate the greatest common factor of 33697 and 327546.
31
What is the highest common divisor of 900185 and 54137?
1259
What is the highest common divisor of 721 and 7564423?
103
Calculate the greatest common divisor of 22016 and 45512576.
5504
Calculate the highest common divisor of 35576 and 4280.
8
Calculate the greatest common factor of 66 and 11741862.
66
Calculate the highest common divisor of 140 and 17542420.
140
What is the greatest common factor of 14931 and 8946987?
1659
What is the highest common divisor of 605972 and 66980?
788
Calculate the highest common divisor of 12980 and 23987260.
220
Calculate the greatest common divisor of 41514 and 3658893.
1887
Calculate the highest common divisor of 475 and 104115.
5
What is the highest common divisor of 1 and 49453619?
1
Calculate the greatest common factor of 149280 and 21504.
96
What is the highest common divisor of 52591424 and 64?
64
Calculate the highest common factor of 73557057 and 318.
159
What is the greatest common divisor of 8958898 and 3978?
442
What is the highest common divisor of 990386 and 7718?
34
What is the highest common divisor of 10 and 25757870?
10
What is the greatest common divisor of 288078 and 3378?
6
What is the greatest common divisor of 383 and 469840271?
383
Calculate the highest common divisor of 202 and 732038102.
202
Calculate the greatest common factor of 13098 and 30444.
354
What is the greatest common factor of 704 and 66224576?
704
Calculate the greatest common divisor of 583518 and 1378.
26
What is the greatest common divisor of 1776864 and 12450?
498
Calculate the greatest common divisor of 354130840 and 80.
40
What is the highest common divisor of 18 and 232640262?
18
What is the greatest common factor of 2884887414 and 106?
106
Calculate the greatest common factor of 303251553 and 2433.
2433
Calculate the highest common divisor of 1620 and 325528956.
324
What is the highest common factor of 246 and 219853890?
246
Calculate the greatest common factor of 4348416 and 1786.
38
Calculate the highest common divisor of 3782 and 122682407.
1891
Calculate the highest common factor of 60 and 367421490.
30
Calculate the highest common factor of 3066 and 31038.
42
What is the highest common factor of 1717 and 747643?
17
Calculate the highest common factor of 4650 and 2207400.
150
What is the greatest common factor of 362726 and 10164?
14
What is the greatest common factor of 1346 and 300129734?
1346
Calculate the highest common divisor of 88 and 33225324.
44
What is the highest common divisor of 82063 and 97544?
137
Calculate the highest common divisor of 2976 and 2370756.
372
Calculate the greatest common divisor of 926 and 44630422.
926
What is the greatest common factor of 15253192 and 79665?
5311
Calculate the highest common factor of 576 and 1043586.
18
Calculate the greatest common factor of 5542 and 10251722.
326
What is the greatest common divisor of 808155 and 225?
45
What is the highest common factor of 935 and 102952410?
55
Calculate the greatest common divisor of 161 and 7429023.
161
Calculate the highest common divisor of 4106 and 112724071.
2053
What is the greatest common factor of 65063055 and 75?
15
What is the greatest common divisor of 9557600 and 4000?
800
What is the highest common divisor of 10 and 1719780?
10
Calculate the highest common factor of 10 and 41370185.
5
What is the greatest common factor of 15853812 and 192?
12
What is the greatest common factor of 5503836 and 208?
52
What is the highest common factor of 351 and 33840612?
351
What is the highest common factor of 194380 and 524?
4
What is the greatest common factor of 3089222 and 27278?
46
Calculate the highest common divisor of 15156045 and 1185.
15
Calculate the greatest common divisor of 33025 and 18475.
25
Calculate the highest common divisor of 5985849 and 815.
163
Calculate the greatest common divisor of 570 and 11970240.
30
Calculate the greatest common divisor of 696 and 35988072.
696
Calculate the highest common factor of 4323955 and 1851910.
8495
What is the greatest common factor of 4 and 75851620?
4
What is the greatest common factor of 475221820 and 4?
4
Calculate the highest common factor of 62304 and 2305956.
708
Calculate the highest common divisor of 104698 and 1980.
22
What is the greatest common factor of 25499386 and 308?
22
What is the greatest common divisor of 1465808 and 217328?
4624
What is the greatest common factor of 57706995 and 1245?
1245
What is the greatest common divisor of 298540 and 32235535?
6785
What is the greatest common factor of 3753951303 and 3309?
3309
What is the greatest common factor of 15707005 and 10?
5
What is the highest common factor of 12944200 and 5416800?
12200
Calculate the greatest common divisor of 39810736 and 1421.
1421
What is the highest common factor of 5443386 and 2280?
114
Calculate the greatest common divisor of 2435086 and 14830.
2966
What is the greatest common divisor of 27811 and 1660988?
959
What is the highest common divisor of 102831 and 63571?
151
Calculate the greatest common factor of 90 and 6464322.
18
What is the highest common divisor of 208 and 14373104?
16
What is the greatest common divisor of 819984 and 275616?
528
What is the highest common factor of 10 and 173977470?
10
Calculate the highest common divisor of 717295 and 82.
41
Calculate the highest common divisor of 154715 and 351217115.
14065
What is the greatest common factor of 1069059 and 64159?
773
What is the highest common factor of 5696 and 76952?
8
What is the highest common factor of 4391485 and 245?
35
What is the greatest common divisor of 76326 and 150?
6
Calculate the greatest common factor of 51747 and 620597.
367
Calculate the greatest common factor of 1055 and 10265.
5
Calculate the greatest common divisor of 4576893 and 408.
51
Calculate the highest common divisor of 50460 and 26060.
20
Calculate the greatest common factor of 1396583 and 271584.
943
Calculate the greatest common divisor of 1584240 and 19920.
240
Calculate the greatest common divisor of 170748 and 3063451.
527
Calculate the greatest common factor of 1186476165 and 45.
45
Calculate the greatest common factor of 153 and 6743305.
17
Calculate the greatest common factor of 24108 and 52908450.
1722
What is the highest common divisor of 44295 and 2595?
15
What is the greatest common divisor of 4463312 and 1176?
392
Calculate the highest common factor of 24846133 and 1079.
1079
Calculate the greatest common factor of 616408985 and 5.
5
Calculate the highest common divisor of 20316 and 72654.
6
Calculate the highest common divisor of 902708093 and 21308.
5327
What is the highest common divisor of 600 and 37046850?
150
Calculate the highest common divisor of 44919 and 3695433.
483
What is the highest common divisor of 30923293 and 23?
23
Calculate the highest common divisor of 15649637 and 2139.
713
Calculate the greatest common factor of 2555 and 3164112.
511
What is the highest common divisor of 15244999 and 777?
259
Calculate the greatest common divisor of 145 and 344990.
5
What is the highest common divisor of 18337600 and 50?
50
Calculate the highest common divisor of 36 and 333057357.
9
What is the greatest common divisor of 1802534822 and 484?
242
What is the highest common divisor of 3480733 and 153?
17
Calculate the greatest common divisor of 2975952 and 28.
28
What is the greatest common divisor of 18468425 and 176525?
575
Calculate the highest common divisor of 270 and 22233762.
18
What is the highest common divisor of 285703320 and 98?
98
What is the highest comm